{"id":79,"date":"2018-07-10T22:58:43","date_gmt":"2018-07-10T20:58:43","guid":{"rendered":"http:\/\/35ppp.de\/paula\/?page_id=79"},"modified":"2018-07-11T13:05:01","modified_gmt":"2018-07-11T11:05:01","slug":"ueber-mich","status":"publish","type":"page","link":"https:\/\/35ppp.de\/paula\/ueber-mich\/","title":{"rendered":"\u00dcber mich"},"content":{"rendered":"<p style=\"text-align: center\">Hallo Freunde!<\/p>\n<p style=\"text-align: center\">74 weitere und ich d\u00fcrfen uns die\u00a0<strong>35.PPPler<\/strong>\u00a0nennen \ud83d\ude42 !<\/p>\n<p style=\"text-align: center\">Ich bin eine 21 Jahre junge Altm\u00e4rkerin aus dem Landkreis Stendal. Mein Name ist Paula L\u00f6ber.\u00a0 Seit dem 11.06.2018 darf man mich jetzt auch &#8222;<em>Industriekauffrau&#8220;<\/em> nennen \ud83d\ude42 . Die Lehre habe ich innerhalb der letzten 3 Jahre auf der Landesweingut Kloster Pforta GmbH in Bad K\u00f6sen absolviert und das gab mir den &#8222;Schl\u00fcssel zur T\u00fcr&#8220;, um am <strong>Parlamentarischen Patenschafts-Programm<\/strong> <strong>f\u00fcr junge Berufst\u00e4tige 2018\/2019<\/strong> teilzunehmen.<\/p>\n<p style=\"text-align: center\">Ich w\u00fcnsche euch viel Freude an meinem Blog und vielleicht befindet sich unter euch auch ein zuk\u00fcnftiger Teilnehmer. Ich freue mich \u00fcber eure Kommentare und eventuellen Fragen.<\/p>\n<p style=\"text-align: center\">Liebe Gr\u00fc\u00dfe aus Sachsen-Anhalt<\/p>\n<p style=\"text-align: center\">Eure Paula<\/p>\n<p><img loading=\"lazy\" decoding=\"async\" class=\"size-medium wp-image-73 aligncenter\" src=\"http:\/\/35ppp.de\/paula\/wp-content\/uploads\/sites\/24\/2018\/07\/36556847_1994191287328215_6249017501162668032_n-225x300.jpg\" alt=\"\" width=\"225\" height=\"300\" srcset=\"https:\/\/35ppp.de\/paula\/wp-content\/uploads\/sites\/24\/2018\/07\/36556847_1994191287328215_6249017501162668032_n-225x300.jpg 225w, https:\/\/35ppp.de\/paula\/wp-content\/uploads\/sites\/24\/2018\/07\/36556847_1994191287328215_6249017501162668032_n-768x1024.jpg 768w, https:\/\/35ppp.de\/paula\/wp-content\/uploads\/sites\/24\/2018\/07\/36556847_1994191287328215_6249017501162668032_n-1240x1653.jpg 1240w, https:\/\/35ppp.de\/paula\/wp-content\/uploads\/sites\/24\/2018\/07\/36556847_1994191287328215_6249017501162668032_n-508x677.jpg 508w\" sizes=\"auto, (max-width: 225px) 100vw, 225px\" \/><\/p>\n<p>&nbsp;<\/p>\n","protected":false},"excerpt":{"rendered":"<p>Hallo Freunde! 74 weitere und ich d\u00fcrfen uns die\u00a035.PPPler\u00a0nennen \ud83d\ude42 ! Ich bin eine 21 Jahre junge Altm\u00e4rkerin aus dem Landkreis Stendal. Mein Name ist Paula L\u00f6ber.\u00a0 Seit dem 11.06.2018 darf man mich jetzt auch &#8222;Industriekauffrau&#8220; nennen \ud83d\ude42 . Die Lehre habe ich innerhalb der letzten 3 Jahre auf der Landesweingut Kloster Pforta GmbH in [&hellip;]<\/p>\n","protected":false},"author":26,"featured_media":0,"parent":0,"menu_order":0,"comment_status":"closed","ping_status":"closed","template":"","meta":{"footnotes":"","_links_to":"","_links_to_target":""},"class_list":["post-79","page","type-page","status-publish","hentry"],"_links":{"self":[{"href":"https:\/\/35ppp.de\/paula\/wp-json\/wp\/v2\/pages\/79","targetHints":{"allow":["GET"]}}],"collection":[{"href":"https:\/\/35ppp.de\/paula\/wp-json\/wp\/v2\/pages"}],"about":[{"href":"https:\/\/35ppp.de\/paula\/wp-json\/wp\/v2\/types\/page"}],"author":[{"embeddable":true,"href":"https:\/\/35ppp.de\/paula\/wp-json\/wp\/v2\/users\/26"}],"replies":[{"embeddable":true,"href":"https:\/\/35ppp.de\/paula\/wp-json\/wp\/v2\/comments?post=79"}],"version-history":[{"count":8,"href":"https:\/\/35ppp.de\/paula\/wp-json\/wp\/v2\/pages\/79\/revisions"}],"predecessor-version":[{"id":90,"href":"https:\/\/35ppp.de\/paula\/wp-json\/wp\/v2\/pages\/79\/revisions\/90"}],"wp:attachment":[{"href":"https:\/\/35ppp.de\/paula\/wp-json\/wp\/v2\/media?parent=79"}],"curies":[{"name":"wp","href":"https:\/\/api.w.org\/{rel}","templated":true}]}}