{"id":35,"date":"2018-07-23T20:58:40","date_gmt":"2018-07-23T18:58:40","guid":{"rendered":"http:\/\/35ppp.de\/eleisa\/?page_id=35"},"modified":"2018-07-24T13:32:30","modified_gmt":"2018-07-24T11:32:30","slug":"35-2","status":"publish","type":"page","link":"https:\/\/35ppp.de\/eleisa\/35-2\/","title":{"rendered":"About me"},"content":{"rendered":"<p align=\"justify\">Wem geh\u00f6rt dieser Blog? Wer steckt eigentlich dahinter? Wem folge ich eigentlich?<\/p>\n<p align=\"justify\">Fragen die man sich stellt, sobald man eine individuelle Seite im Internet aufgerufen hat. Verst\u00e4ndlich, schlie\u00dflich holt man sich dort Tipps oder Anregungen. Denn niemand h\u00f6rt gerne einem Phantom zu oder? Schlie\u00dflich haben Menschen die Angewohnheit sich andere Leute aussuchen mit denen sie sich &#8222;verbinden&#8220; k\u00f6nnen. Ein Phantom ist etwas was nicht wirklich existiert, also warum sollte man dann anfangen diesen Blog\/Seite\/Acccount zu verfolgen? Gute Eintr\u00e4ge sind n\u00e4mlich nicht alles, denn jeder steckt Liebe\/Kenntnis und Arbeit in seine Texte und somit auch immer etwas Pers\u00f6nlichkeit. Aber zurzeit bin auch ich noch ein Phantom in der visuellen Welt. Doch ich m\u00f6chte euch mal nicht weiter im Dunklen tappen lassen.<\/p>\n<p align=\"justify\">Ich bin Eleisa oder einfach kurz und knapp Elly. Na, habt ihr etwa einen exklusiven Namen erwartet?<br \/>\nTendenziell gibt es \u00fcber mich nicht viel zu erz\u00e4hlen. Ich lebe derzeit in einem kleinen Dorf, nahe K\u00f6ln. Habe meine Ausbildung als Rechtsanwalts- und Notarfachangestellte k\u00fcrzlich erfolgreich abgeschlossen. Ich probiere mir durch das Jahr in den USA einen anderen Blickwinkel auf die Welt zu verschaffen, grob gesagt ich will meinen Horizont erweitern. Denn sehen wir es so, die Welt ist ein Buch mit unendlich vielen Seiten und Kapiteln. Ist es nicht auf Dauer langweilig immer nur eine Seite des Buches zu lesen? Schlie\u00dflich hat man noch 400 andere Seiten auf die man sich freuen kann.<\/p>\n<p align=\"justify\">Demnach bin ich ein ganz normales M\u00e4dchen, was seit Kindheit an Fernweh hat. Ich kann gar nicht beschreiben wie gl\u00fccklich es mich macht, dieses Jahr im Land meiner Tr\u00e4ume zu verbringen. So und wenn ich ehrlich bin, gibt es \u00fcber mich auch nicht wirklich mehr zu erz\u00e4hlen. Den Rest werdet ihr wohl oder \u00fcbel beim lesen meiner Eintr\u00e4ge herausfinden m\u00fcssen.<\/p>\n","protected":false},"excerpt":{"rendered":"<p>Wem geh\u00f6rt dieser Blog? Wer steckt eigentlich dahinter? Wem folge ich eigentlich? Fragen die man sich stellt, sobald man eine individuelle Seite im Internet aufgerufen hat. Verst\u00e4ndlich, schlie\u00dflich holt man sich dort Tipps oder Anregungen. Denn niemand h\u00f6rt gerne einem Phantom zu oder? Schlie\u00dflich haben Menschen die Angewohnheit sich andere Leute aussuchen mit denen sie [&hellip;]<\/p>\n","protected":false},"author":8,"featured_media":0,"parent":0,"menu_order":0,"comment_status":"closed","ping_status":"closed","template":"","meta":{"footnotes":"","_links_to":"","_links_to_target":""},"class_list":["post-35","page","type-page","status-publish","hentry"],"_links":{"self":[{"href":"https:\/\/35ppp.de\/eleisa\/wp-json\/wp\/v2\/pages\/35","targetHints":{"allow":["GET"]}}],"collection":[{"href":"https:\/\/35ppp.de\/eleisa\/wp-json\/wp\/v2\/pages"}],"about":[{"href":"https:\/\/35ppp.de\/eleisa\/wp-json\/wp\/v2\/types\/page"}],"author":[{"embeddable":true,"href":"https:\/\/35ppp.de\/eleisa\/wp-json\/wp\/v2\/users\/8"}],"replies":[{"embeddable":true,"href":"https:\/\/35ppp.de\/eleisa\/wp-json\/wp\/v2\/comments?post=35"}],"version-history":[{"count":6,"href":"https:\/\/35ppp.de\/eleisa\/wp-json\/wp\/v2\/pages\/35\/revisions"}],"predecessor-version":[{"id":45,"href":"https:\/\/35ppp.de\/eleisa\/wp-json\/wp\/v2\/pages\/35\/revisions\/45"}],"wp:attachment":[{"href":"https:\/\/35ppp.de\/eleisa\/wp-json\/wp\/v2\/media?parent=35"}],"curies":[{"name":"wp","href":"https:\/\/api.w.org\/{rel}","templated":true}]}}